0
What is 20 + (15 - 3 - (15 + -16))?
33
Calculate 1 - 12 - ((12 - (46 + -20)) + (2 - -17)).
-16
Evaluate (-96 - (27 - 133)) + 32.
42
(13 - 2 - (13 + 8 + 13 - -11)) + -8
-42
Evaluate 8 + -1 + 0 + 1 - (718 + -679).
-31
(117 - -49) + -60 - (9 - -38)
59
Calculate -28 - -76 - (15 + (-9 + 5 - -7) - 7).
37
What is the value of 5 + (1 - -1) - (-116 - -122) - 1?
0
What is 44 - ((16 - -32) + -11) - (-4 + 14)?
-3
Evaluate -67 + 38 + 25 + -13 + -1.
-18
What is 60 + -46 + (-34 - -36) + -5 + -27?
-16
Evaluate (11 - -12) + -17 - ((16 - (-1 - -3)) + 7).
-15
What is -10 + (-14 - (-14 - 0)) + (2 - -20)?
12
Calculate 53 + (-11 + -1 - (-521 - -531)) + 19.
50
-1 - -37 - (3072 + -3032)
-4
-5 + (86 - (-2 + 3 - -4)) + (5 - -4)
85
What is (13 - 2) + -136 - (59 + -67 + (-1 - 1))?
-115
Evaluate 105 - (-62 - (-69 - 64)).
34
What is the value of 11 + -6 + -9 + 30 + -30 + (-3 - -30)?
23
Evaluate (-194 - -89) + 92 + -41 + 0 + 2.
-52
What is the value of 90 + -16 + -19 + (9 - 16 - -13)?
61
Evaluate 4 + (-64 - (17 + -24 + 2)).
-55
Calculate 79 + -20 + (-19 - 21) + 45 + 0 + 23.
87
Evaluate -1 + -14 + 14 + (5 - 0 - 1) - 42.
-39
Calculate 3 - (-92 - (-3 + 5)) - (-101 - -133 - 36).
101
What is 40 + (16 - (-12 - -44) - -27) - -19?
70
34 - (-2 - (47 + -109))
-26
What is -14 + (-5 + -11 - -30 - 10 - -4)?
-6
Evaluate (-81 + 32 - -174) + -66.
59
What is (115 + -160 + -23 + -1 - 4) + -3?
-76
What is the value of -2 - 106 - (-128 + 17 + 109)?
-106
Evaluate -45 + 32 + -17 + 49 + -13.
6
What is the value of -209 + 205 - (-6 - (-5 + 1)) - (51 - 1)?
-52
What is 29 - (4 + -28 + 111 + -3)?
-55
What is the value of -81 - -82 - (-19 + -10)?
30
What is -14 - (-1 + 12 - (13 - (-3 + 5) - 45))?
-59
What is the value of -27 + 23 + 50 + (-27 - -3)?
22
Evaluate (-72 - -23) + 34 + 18.
3
What is (1 - 2) + 47 + (-6 - (7 + -10)) + 9?
52
Evaluate 103 + -9 + 3 + 6 + -8 - (-1 - 1).
97
52 - (-83 - -111) - 100
-76
Evaluate (8 - 21) + 6 + (-2 - 4 - -3) - -73.
63
-30 + (-30 - -118) - (-9 + -2 - (-10 - -5))
64
Calculate 0 + 8 + 8 + -9 + -6 - 76.
-75
Evaluate 83 - (-2 + 0 + 4 - (16 - 23 - -11)).
85
(2 - -62) + ((-17 - -3) + 14 - 2)
62
-108 + 111 + -8 + -11 - (0 - -59)
-75
What is (-45 - 0 - 3) + (-28 - -87 - 41)?
-30
What is the value of 68 + (-542 - -562) + (-24 - -2)?
66
What is the value of -22 - (671 + -713 + -1 + -37)?
58
12 - (-4 + 11 + -3) - (-870 + 887)
-9
What is the value of (74 - -3) + -118 - 39?
-80
Calculate -1 + 83 - (28 + -95 + 72).
77
What is the value of (12 + 2 + -8 - 11) + -11 + -21?
-37
Calculate 44 - (-41 + -66 + 103).
48
1 + 1 + (124 - 157 - -59)
28
-56 - (52 - (-24 - -144))
12
Evaluate -21 - (-23 - 10) - (-68 + -10 + 4).
86
Evaluate (-2 - (1 + 6)) + -6 + (15 - 19) + 9.
-10
Calculate -1 - 34 - -12 - (-179 - -85).
71
What is the value of 28 - (-4 - (11 + 0 - (8 + 4)))?
31
Evaluate 50 + (-125 + 107 - (-8 + (-2 - 1 - 4))).
47
-24 + (24 - -6 - -52)
58
-5 + (17 - 3) + 20 + -28 + -18
-17
What is the value of (-13 - -4) + 14 + 4 + -13 - (6 - -16)?
-26
What is the value of 5 - (86 + -81 - ((-4 - -62) + -1) - -8)?
49
What is -12 + -3 - (-1088 + 1086)?
-13
What is (-13 - -11) + 2 + (25 - 36 - 41)?
-52
What is the value of (-7 - (-33 + (-5 - 9) + 4)) + -12?
24
What is (-76 - -76) + (1 - 6) - (-2 - 0 - 54)?
51
Calculate 49 + -16 + -19 - (-2 + 100 - -5).
-89
What is the value of 111 + 2 + (29 + -63 - -29)?
108
What is the value of 15 - ((-18 - -11) + 18) - (3 + -41)?
42
What is -9542 + 9563 + (-48 - -2 - 1)?
-26
What is -30 - (64 - (24 + 81))?
11
36 - 50 - -53 - -3
42
What is -6 - ((1 - 4 - (-25 - -32)) + 56)?
-52
139 - (164 + -114 - -63)
26
(150 - 166) + -1 + 41
24
What is (-26 - 49) + (8 - (-6 + 1 - -7) - 18)?
-87
Calculate 23 + (37 - 39) - 18.
3
What is 153 + -41 - 16 - 2 - (-1 - -12)?
83
What is 449 + -241 - 271 - (-1 - 7)?
-55
Calculate -26 - -39 - (-21 - (0 + -3)).
31
Calculate 105 + -62 + (13 - 4) + 6 - 7.
51
Evaluate -83 + 173 + -88 - (0 + -1) - 89.
-86
What is the value of 115 - 170 - (-11 - 12)?
-32
What is the value of -28 + 85 + -37 - 23?
-3
Evaluate -54 + -13 + 146 + -123.
-44
Evaluate -65 - (-1 + (-109 - -29)).
16
(10 - 1 - -1) + 1 + (26 - (-2 - 39))
78
What is -20 - (-68 - -62) - 5?
-19
Evaluate 0 + 0 - -5 - (107 - (111 + -54 + 7)).
-38
What is the value of -35 + 18 + 12 - (-9 - (32 + (-8 - -15)))?
43
Calculate (-15 - -43 - 18) + (4 - -1) + -15.
0
What is the value of -30 + 14 + 4 + -19 - 3?
-34
101 + (-24 - -28) + -1 + 4 + 94 + -91
111
Calculate 1396 + -1395 + (-8 - -4 - 20).
-23
Evaluate 45 - (-11 - -3 - (-11 + -8 + 10)).
44
Calculate (5 - 20) + 2 + -4 + 4.
-13
What is the value of 70 + -10 + -4 + (-62 - -73) + 13?
80
Calculate 0 + 1 + 13 + (-4213 - -4252).
53
-69 - (-44 - -38 - 16)
-47
Evaluate -47 + (41 - (-5 - 30)).
29
Calculate (2 + 3 + 0 + 1 - -4) + (1006 - 975).
41
-6 + (2 - 6 - -3) + 0 + -960 + 1001
34
What is the value of (-11598 - -11490) + (0 - -81)?
-27
What is (2 - (22 + -18 - 28)) + 6 + 2?
34
Evaluate 6 - (4 + -34 + 7 - 35).
64
Calculate 28 + 23 - (37 - 25).
39
-26 - (80 - (91 + -79))
-94
Evaluate 3 + 38 + -27 + -27.
-13
What is -1 + -8 - (1 + -51 - (110 + -128))?
23
What is 92 - ((-10 - (-7 + -11)) + 6 + -23)?
101
(-8 - (1 - 2)) + -302 + 248 - (-183 - -175)
-53
25 + -32 + 26 - (9 - -1)
9
Evaluate 41 - 21 - (-9 - (21 - -1)).
51
What is the value of (-3 - 1) + (36 + -92 - -65) - (-35 + 2)?
38
What is the value of 1 + 14 - (-1 + 2) - (8256 - 8230)?
-12
-100 - -50 - (-107 + -1)
58
What is the value of 22 + -36 + (-50 - -41)?
-23
What is the value of (0 + 9 + -18 - -18) + (-5 - -18)?
22
4 + -2 - (-14 + 9 + 6) - (-1 + 40)
-38
(0 - 5) + -3 + (16 - (71 + 4 + -4))
-63
Calculate (-17 + 27 - 2) + 61 + -12 + 0.
57
Calculate (-1 - 32) + 25 - (-2 + 3 + -6 - -49).
-52
38 + (12 - -5 - (6 + -24))
73
Evaluate -9 + (-33 - (-40 + 15) - (2 - 15)).
-4
Calculate -59 - -115 - (-1 - -51).
6
Calculate (26 - -3) + -7 + -9 + 10 + 0.
23
What is the value of 96 + 5 - (-1497 - -1507)?
91
What is the value of 6 + 14 + -3 - (12 - -21)?
-16
7 - 77 - (-6 + 43 + -46)
-61
Evaluate (58 - -34) + -4 + (10 - (-6 - -1)).
103
What is (21 - 3) + -3 - (4056 + -3990)?
-51
(3 - 89) + (-138 - -156)
-68
Calculate (-23 - ((9 - (-7 + 12)) + -12)) + 15.
0
Evaluate 14 + (9 - (-26 + 13 + 14)) + -48.
-26
What is the value of (58 + -105 - -34) + (-2 - (-4 + -1)) + -8?
-18
Evaluate -20 + 25 + -5 - (4 + -6 - 11) - -55.
68
10 + 3 + -9 + -5 - (-6 + 5 - 5)
5
What is the value of 5 + -7 - (-9 + (58 - 9))?
-42
-61 + 1 + -504 + 484 + -5 + 26
-59
(-1 - 2 - (-30 - -25)) + (-100 - -91)
-7
42 - 71 - 35 - (16 - 4)
-76
Calculate -61 + (-75 - -99) - -42.
5
Calculate 26 - (2 - 1 - 9 - (75 + -159 + 73)).
23
Evaluate (-115 - 17) + 161 + -3 + 49.
75
What is -124 + 69 + -42 + 32 + -32?
-97
Evaluate -22 + 18 + -5 + 24 - 29.
-14
What is -14 - 5 - (-104 - (-51 + 64))?
98
Calculate (2647 - 2638) + (-2 - -2 - 13).
-4
What is -23 + -4 + 30 + -15 - (62 + 2) - -14?
-62
What is the value of (-84 - -42) + 89 + -37?
10
What is the value of (-5 + -9 - -36) + (6 - 161)?
-133
What is the value of -23 - 36 - -52 - -33?
26
What is 2 + (14 - 36) + 43 + -128 + -2?
-107
What is the value of -29 - -113 - 102 - (-1 + -2 - 142)?
127
What is -70 - ((-30 - 13) + 31 + (9 - -7))?
-74
Evaluate (-3 - 129 - -93) + 50.
11
1 + -13 + -16 + 37 + (-33 - -16)
-8
What is (-18 + 21 - -1 - (2 + 0)) + 2 + 13?
17
Calculate (-97 + 87 - (1 - 34)) + -61.
-38
What is (6 + 28 - 28) + (26 - -1)?
33
What is 860 + -867 - (19 + 0) - -37?
11
What is the value of (1333 - 1317) + -20 + -1?
-5
Calculate (-52 - (65 + -15)) + -1.
-103
11 + -25 + -27 + -20 + 5
-56
Evaluate (-9 - 18) + (0 + (-1 - (14 - 9)) - -5).
-28
Evaluate 0 - 66 - (14 + -10) - -16.
-54
What is the value of 0 - (9 - (-6 - 2 - (-43 + 38))) - -22?
10
What is 12 + -5 + (-71 - -22 - 8)?
-50
Calculate -38 - ((14 + -2 - 1) + 139 + -141 + -11).
-36
Evaluate -48 - -85 - -19 - 43.
13
What is the value of -2843 + 2866 + -14 + (2 - 3)?
8
Calculate (-10 - ((4 - (16 - 8)) + 13)) + (-12 - -7).
-24
3 - (-37 - (6 + (20 + -9 - 15)))
42
Evaluate -1 + 75 + ((6 - 10) + -2 - 4) + -9.
55
Evaluate -65 + -31 + 86 + (-2 - -3) + 7.
-2
What is the value of -38 - 1 - (-3 + (-15 - (-1 + -22)))?
-44
Calculate 16 + (-7 - 2 - (-56 + 39)) + -100.
-76
What is (249 - 251 - (4 - 4)) + 8?
6
Calculate (16 - (-40 - (-7 - 5))) + 1.
45
Calculate 21 + -35 + (3 - 1) + 19.